ermine o(z).
4
Let g(i) be the second derivative of 0 + 7/6*i**3 + 1/12*i**4 + 3*i + 9/2*i**2. What is g(-6)?
3
Let a(q) be the second derivative of q - q**2 - 1/6*q**3 - 1/12*q**4 - 1/10*q**5 + 0. Let b(d) be the first derivative of a(d). What is b(-1)?
-5
Let j be 7*(4/14 - 0). Let m(f) = -f**2 - f - 2. What is m(j)?
-8
Let r(d) = -4*d**2 + 2*d - 3. Let m(v) = -1. Let u(h) = 2*m(h) - r(h). Let t = -12 - -17. Suppose -1 = t*o - 6. Determine u(o).
3
Let n(f) = f**2 + 6*f. Let o(x) = x**3 - 5*x**2 - 8*x + 6. Let j be o(6). Determine n(j).
0
Let c(j) = -3*j**2 - j**2 - j**2 - 5 + j**3. Let a be 2/19 - (-1023)/209. Determine c(a).
-5
Let w = -190 - -193. Let y(l) be the second derivative of 0*l**w + l + 0 + 1/12*l**4 + 0*l**2. Give y(0).
0
Let q(o) = -o + 10. Let z be q(9). Let w(n) = -n + z - n - 2*n + 3*n. What is w(-4)?
5
Let t = -2 + -1. Let s(x) = -3*x**2 - 4*x + 4. Let m(v) = -7*v**2 - 9*v + 8. Let b(p) = -4*m(p) + 9*s(p). Give b(t).
13
Let z(u) = -u - 9. Suppose -3 - 2 = l. Let o be z(l). Let m be (-1)/(-1 - 0) - o. Let p(j) = -j**2 + 5*j - 6. Calculate p(m).
-6
Let v(a) be the first derivative of -a**3/3 - a**2/2 + 6*a - 2. Suppose -2*z + 2 = 3*q - 0*z, 5*q = 5*z - 5. Give v(q).
6
Let y(f) = f**2 + 5*f + 3. Suppose -3*u - 19 = p, 2*p + 3*u = 4*p - 7. Calculate y(p).
-1
Let b(r) be the first derivative of -r**3/3 - 3*r**2 - 2*r + 8. Calculate b(-4).
6
Let b(x) be the third derivative of -1/60*x**6 + 0 + 1/60*x**5 - 1/24*x**4 - 4*x**2 - 1/6*x**3 + 0*x. Calculate b(-1).
3
Let n(o) be the third derivative of -o**6/120 - o**5/20 + o**3/6 + 11*o**2. Calculate n(-4).
17
Let k(b) be the third derivative of b**4/24 - 5*b**3/3 - b**2. What is k(0)?
-10
Let g = 28 + -29. Let z(c) be the third derivative of c**5/10 - c**4/12 - c**3/6 - c**2. Give z(g).
7
Let u(s) = 0*s**3 + 3*s**2 - 4 + 3*s**3 - 2*s**3 + 6. Calculate u(-3).
2
Let t(p) = 81*p - 1 - 6*p**2 - p**3 - 81*p. What is t(-6)?
-1
Let u(l) = l**2 - l + 4. Let g = 10 + -10. Calculate u(g).
4
Suppose 5*q = -0*n - 5*n + 15, 3*q + 11 = n. Suppose 0*m = -n*m. Let h(f) = -f**2 + m*f**2 - f + 4 - f**3 - 3. Give h(-2).
7
Let d(k) be the third derivative of 0*k + 0 - 1/8*k**4 - 3*k**2 + 1/60*k**5 - 1/2*k**3. Determine d(3).
-3
Let j(v) = v**2 + v - 1. Let w(o) = -16*o**2 + 2*o - 5. Let k(z) = -4*j(z) + w(z). What is k(-1)?
-19
Let l(d) = -3*d**3 - d - 1 + 3*d**2 - 3*d**3 + 9*d**3 - 4*d**3. Determine l(3).
-4
Let u(h) be the second derivative of -h**3/6 + h**2 - 18*h. What is u(-2)?
4
Let i = -20 + 3. Let w = 12 + i. Let b(u) = 3 - 5*u**2 - 4 + 6*u**2 + 3*u. Give b(w).
9
Let h(j) be the first derivative of -j**3/3 - j**2/2 - 2*j + 6. What is h(-2)?
-4
Let v(m) = m + 7. Let s(p) = -6*p - 8*p + 11*p - 15. Let b(o) = -2*s(o) - 5*v(o). What is b(0)?
-5
Let n(w) = w**3 - 8*w**2 + 5*w + 7. Let y = -202 + 209. Determine n(y).
-7
Let r(x) = 2*x**2 + 2*x - 5. Let h(w) = -w**2 + w + 1. Let i(l) = 3*h(l) + r(l). Calculate i(4).
2
Let d(q) = -3*q + 11 + 5*q**2 + 3*q**3 - 2*q**3 - 4. What is d(-6)?
-11
Let h(o) be the third derivative of 0*o - 1/6*o**3 + 0 + 5*o**2 - 5/24*o**4. Calculate h(-2).
9
Let f(g) = 2*g**2 + 24*g + 25. Let m be f(-11). Let v(r) = -1. Let a(n) = -n - 1. Let q(i) = -a(i) + 5*v(i). Give q(m).
-1
Let r(o) = -o**3 + o**2 - 8. Let d(l) = l. Let y be d(3). Let u(w) = w**3 - 2*w**2 - 3*w. Let b be u(y). What is r(b)?
-8
Let w(b) be the first derivative of -b**4 - b**3 + 5*b**2/2 + 5*b + 2. Let x(a) = 3*a**3 + 4*a**2 - 4*a - 5. Let d(j) = 2*w(j) + 3*x(j). Give d(-6).
7
Let x(r) = -r + 2. Let i be x(-7). Let h(u) = -13*u**2 + i*u**2 + 2 + 4*u + u - u**3. What is h(-5)?
2
Let m(t) = -t**3 - 6*t**2 + t + 4. Suppose 30 = -3*f + 3*q, 4*f + 4*q - 6 = -14. Determine m(f).
-2
Let i(x) = 0*x**2 - 4*x**2 - x**3 + 7*x - 8*x. Let c be (-1 - (3 - 0)) + 0. Determine i(c).
4
Let s(n) = -n**3 - n**2 + 2*n - 3. Let q be s(0). Let p(o) = o - 2*o + 1 + 5*o. What is p(q)?
-11
Let i(y) = 8 - 3 + y**2 - 1 - 5*y + 2. Let q be i(4). Suppose -q*n + 10 - 2 = 0. Let t(k) = k**2 - 7*k + 3. Give t(n).
-9
Suppose 0*i = 3*i - 3. Let y(m) = -6 + 13 - 8 - 3*m. Determine y(i).
-4
Suppose 0 = 4*i - 2 + 22, -5*i = 4*f + 41. Let u(c) be the first derivative of -c**2 - 5*c + 2. Give u(f).
3
Suppose 3 = j + 1. Let x(t) = -2*t**3 + 2*t**2 + 2*t. Calculate x(j).
-4
Let m(u) = -10*u + u - 17 + 10. Suppose 4*f - 25 = 5*l, -23 = 2*f - 7*f - 2*l. Let i(x) = -13*x - 11. Let v(n) = f*i(n) - 8*m(n). Calculate v(1).
8
Suppose 0 = -0*o - o. Let l be 1/1 - o/(-2). Let u(d) = -6*d - 1. Determine u(l).
-7
Let t(l) = l + 2. Let j be (-22)/55*(4 + 1). Determine t(j).
0
Let o(d) = -2*d. Suppose -4*i - 70 = 3*a, 0 = a - 3*a - 4. Let u = i - -13. Give o(u).
6
Let c(a) = 5*a**3 + 2*a**2 - 2*a + 1. Let g(n) be the third derivative of -n**5/60 - n**4/4 + 4*n**3/3 + 3*n**2. Let w be g(-7). Calculate c(w).
6
Let i(a) be the second derivative of a**8/6720 - a**7/630 + a**6/180 - a**4/3 - 7*a. Let b(r) be the third derivative of i(r). What is b(3)?
3
Suppose -5*t - 14 = 16. Let m = -4 - t. Suppose 3*i - 14 = -5*r, -3*r - m*r = -20. Let z(p) = 4*p. Determine z(i).
-8
Let g(i) be the first derivative of i**3/3 - 4*i**2 + 9*i - 46. What is g(9)?
18
Let w(y) = 3*y - 4*y + 4*y + 6*y**2 - 2*y - 1. Let t be 2/(-7) - 9/(-7). Give w(t).
6
Let s be (-1)/(-6) + 10/36*3. Let a(v) = 5*v**3 + v**2. Determine a(s).
6
Let p be (3/9)/((-1)/(-12)). Let x(b) = -b**2 + 3*b + 3. Let j be x(p). Let u = j - -2. Let k(h) = 4*h - 1. Give k(u).
3
Let v(i) = 6*i**2 - 29*i**3 - 3*i - 5 + 28*i**3 + 3*i. What is v(5)?
20
Let v(u) = u**2 - 3*u. Let n be (-10)/15 + 44/(-6). Let m(f) = -2*f - 9. Let o be m(n). Suppose -5*t - 4*w + 27 = 0, -1 = 4*t - 2*w - o. Calculate v(t).
0
Let b(i) = 2*i - 1. Let w = 7 + -5. Let n be b(w). Let c(v) = -v - n + 0*v**3 - 3*v**3 + 2*v**3. Calculate c(0).
-3
Let k(b) = b**2 + 4*b + 1. Let v be k(-3). Let o be (1 - v)*(-15)/9. Let p(l) be the third derivative of -l**5/60 - 5*l**4/24 - 5*l**3/6 - 2*l**2. Give p(o).
-5
Suppose 2*y + 14 = 5*m, -7*y + 4*m - 16 = -3*y. Let k(a) = -13*a + 12. Let g(h) = -3*h + 3. Let r(t) = y*k(t) + 9*g(t). Determine r(5).
-2
Let r(b) = b - 3 - 8 - 4 + 14. Calculate r(4).
3
Let w(i) = 2*i**2 + 3*i - 2. Suppose 0 = 3*h - 6 - 3. Suppose z = -2*a - 0 - 2, -z + 13 = -h*a. Determine w(a).
7
Let k(t) be the third derivative of -7*t**5/60 - t**2. Determine k(-1).
-7
Let h(g) be the third derivative of -g**4/12 - g**3/6 + 10*g**2. Calculate h(5).
-11
Let k(r) = -3*r**3 - 9*r**2 + 4*r + 8. Let m(w) = -7*w**3 - 18*w**2 + 7*w + 16. Let z(a) = -9*k(a) + 4*m(a). Determine z(8).
-8
Let u(x) be the first derivative of -x**2/2 + 5*x + 4. Give u(4).
1
Suppose 4*n - 18 = 10. Suppose -4*t + n*t - 12 = 0. Let h(z) be the first derivative of -3*z**2/2 + 3*z - 1. Calculate h(t).
-9
Let y be 20/(-28) + 2/(-7). Let s = y + 0. Let r(i) = 9*i**2 - i - 1. Calculate r(s).
9
Let j(n) = n**2 + 4*n + 4. Suppose -2*p + h - 3 = 0, 5*h + 63 - 22 = -4*p. Give j(p).
4
Let f = 8 + -7. Let t(g) be the first derivative of g**4/6 + g**2/2 + 2*g - 4. Let u(k) be the first derivative of t(k). Give u(f).
3
Let u(h) = 6 + 1 + 5 - h - 4. Determine u(7).
1
Let k(z) be the first derivative of z**2/2 + 6*z - 11. What is k(-6)?
0
Let j(q) = q**3 + 2*q**2 - 4*q - 1. Let z be ((-6)/(-4))/(2/(-4)). What is j(z)?
2
Let a(f) = 3*f + f**2 + 5*f**3 - 5*f + 5 - 2. Let g(j) = -6*j**3 + 3*j - 2. Let v(r) = 5*a(r) + 4*g(r). What is v(-5)?
-3
Suppose -3*x + 2*f + 26 = -6*x, 5*f = -4*x - 44. Let t(z) = z**3 + 4*z**2 - 10*z - 7. Calculate t(x).
-19
Let q(m) = 2*m**2 + 4*m - 2. Let u(b) = -b**2 - 3*b + 1. Let x(l) = 2*q(l) + 3*u(l). What is x(-1)?
1
Let s be 4/(-2)*(2 - 1). Let a be s/(-3)*(-9)/(-2). Let y(b) = b**3 - 2*b**2 - 2*b - 1. Determine y(a).
2
Let v(l) be the third derivative of l**6/360 - l**5/120 + l**4/24 + l**3/2 + 2*l**2. Let n(j) be the first derivative of v(j). What is n(1)?
1
Let k(u) be the second derivative of -4*u**2 + 0 - 3*u + 1/3*u**3. What is k(6)?
4
Let g(f) = -f**3 + f - 12*f**3 + 7*f**3. Calculate g(-1).
5
Suppose 5*h = 79 - 4. Suppose 2*r - h = -r. Let o(c) = -c + 15. Let j(u) = -2*u + 31. Let q(y) = 6*j(y) - 13*o(y). What is q(r)?
-4
Let l be (-5)/(-30) - 1/6. Let m be 0/(1 + 0 + l). Let t(z) be the first derivative of z**3/3 + z**2/2 - 2*z + 1. Determine t(m).
-2
Let